 4, what is 3210 - 13020?
-3210
In base 2, what is 11111101011000 + 100011?
11111101111011
In base 11, what is -4 - -14a56?
14a52
In base 3, what is -2101102100102 + 10?
-2101102100022
In base 7, what is -3231 + 353?
-2545
In base 16, what is 2 + -1fa5?
-1fa3
In base 15, what is -745ce + 0?
-745ce
In base 8, what is 432 + -4210?
-3556
In base 5, what is -1 - -1133242?
1133241
In base 6, what is -424 + 4534?
4110
In base 7, what is -3 - -40645?
40642
In base 8, what is -14 + 547156?
547142
In base 14, what is -1c607 - -5?
-1c602
In base 12, what is -131015 + 4?
-131011
In base 6, what is 3155401 + 2?
3155403
In base 9, what is -2 - 117524?
-117526
In base 14, what is 34b4 + -b?
34a7
In base 8, what is -25726 + -3?
-25731
In base 8, what is -163 - -26251?
26066
In base 5, what is 311122 - 4?
311113
In base 5, what is -34304 - 41?
-34400
In base 13, what is -1 + -88ca?
-88cb
In base 4, what is -11 + -21010303?
-21010320
In base 12, what is a8 - -1688?
1774
In base 3, what is -12010 - 12000?
-101010
In base 6, what is -1125534 - -5?
-1125525
In base 8, what is -1615000 + 0?
-1615000
In base 5, what is -1401114 + 24?
-1401040
In base 13, what is -15 - 1a70?
-1a85
In base 9, what is 1 - -100328?
100330
In base 10, what is 4 - -8695?
8699
In base 9, what is 60503 + 5?
60508
In base 14, what is 4 - -ca331?
ca335
In base 8, what is -213 + -16150?
-16363
In base 2, what is 1000111001011100000 + -10?
1000111001011011110
In base 2, what is -110101110100011 - 1?
-110101110100100
In base 12, what is -1936958 + 1?
-1936957
In base 11, what is 2 - -9493?
9495
In base 7, what is 6264132 + -3?
6264126
In base 7, what is -24 + -2066516?
-2066543
In base 8, what is -574423 + 3?
-574420
In base 3, what is 1020122 + -2011?
1011111
In base 11, what is 67459 + -2?
67457
In base 12, what is 1522 - -1?
1523
In base 2, what is 11001000101 + -11?
11001000010
In base 14, what is -4 + 306a?
3066
In base 12, what is 128009b - 2?
1280099
In base 2, what is -10 - 100010001010110111?
-100010001010111001
In base 10, what is 9316 - -26?
9342
In base 14, what is 1a - 1a7d4?
-1a7b8
In base 12, what is -60 + 333?
293
In base 3, what is -20 - 12202010?
-12202100
In base 13, what is -693 + -1018?
-16ab
In base 5, what is -1221200 - -304?
-1220341
In base 4, what is -10 - 23111033?
-23111103
In base 2, what is 110 + -1000100110110?
-1000100110000
In base 16, what is 210f7 - -3?
210fa
In base 5, what is -422 + -214?
-1141
In base 3, what is -201122 - 210021?
-1111220
In base 2, what is -1001010000011 - 11101?
-1001010100000
In base 5, what is -2110300 + 11?
-2110234
In base 11, what is -797 - 54?
-840
In base 3, what is 221200222 + -2?
221200220
In base 8, what is -216410 + -20?
-216430
In base 2, what is 1011100001 - 110110000?
100110001
In base 12, what is 108 + 998?
aa4
In base 5, what is 1042114 - -1031?
1043200
In base 6, what is -51 + 1340?
1245
In base 8, what is 14315 + -143?
14152
In base 5, what is 10000 - 143?
4302
In base 4, what is -1 + 1012310031?
1012310030
In base 13, what is -83a3 + 8?
-8398
In base 2, what is 10 + -1010011011110?
-1010011011100
In base 3, what is 122021220122 + -11?
122021220111
In base 4, what is -20020101 - -102?
-20013333
In base 6, what is 1 - -50452?
50453
In base 6, what is 2 - -23253?
23255
In base 5, what is 3 - 130232?
-130224
In base 3, what is -1021 + 2002210?
2001112
In base 10, what is 4 - -25079?
25083
In base 14, what is 6 - -17961?
17967
In base 16, what is 0 + -b87?
-b87
In base 10, what is 49 + -279?
-230
In base 3, what is 1010110 + -1200?
1001210
In base 12, what is -217b7 + -10?
-21807
In base 8, what is 5 + 440451?
440456
In base 7, what is -11536 + -22?
-11561
In base 16, what is 432 + -4e?
3e4
In base 14, what is -179d - -1a?
-1783
In base 5, what is -1001 + -4414?
-10420
In base 13, what is 5 - -158a?
1592
In base 4, what is 0 + -11031023?
-11031023
In base 10, what is 1012 + 88?
1100
In base 13, what is 4 - 39438?
-39434
In base 3, what is 1 - -1000211202?
1000211210
In base 14, what is d87 - 81?
d06
In base 13, what is -11 - -121?
110
In base 2, what is 110001110001011 + 101001?
110001110110100
In base 14, what is 2bb7 + -2?
2bb5
In base 15, what is 2906 - -2?
2908
In base 15, what is 191 - -362?
503
In base 13, what is 131b - -24?
1342
In base 13, what is 8464b + 5?
84653
In base 14, what is 5 - 502b?
-5026
In base 5, what is 1200 - 13422?
-12222
In base 14, what is -4b3918 - -4?
-4b3914
In base 8, what is 4 + -71172?
-71166
In base 9, what is -2 + 30756?
30754
In base 15, what is -2b9c + -2?
-2b9e
In base 3, what is -100022 - -20100?
-2222
In base 13, what is 1355 - -c?
1364
In base 14, what is -36 - 64d?
-685
In base 5, what is 31110 + 2?
31112
In base 16, what is -1e8b - -b?
-1e80
In base 14, what is 59d0 - -13?
5a03
In base 11, what is 4 - -19011?
19015
In base 10, what is -1780 + 38?
-1742
In base 15, what is -4 - e00e?
-e013
In base 10, what is 8019 + 1?
8020
In base 5, what is -30031 - 2020?
-32101
In base 13, what is 21c - 16b?
81
In base 12, what is 2556 - -24a?
27a4
In base 5, what is -1142 - -10131?
3434
In base 10, what is -132390 - -3?
-132387
In base 14, what is -45959 + -d?
-45968
In base 16, what is -2 + abd?
abb
In base 9, what is 30062 - -2?
30064
In base 12, what is 5a5 + 54?
639
In base 9, what is -7018222 - 0?
-7018222
In base 13, what is b90 - -42c?
12bc
In base 11, what is -923 + -aa?
-a22
In base 10, what is -6451 + 15?
-6436
In base 5, what is -3 - 14202400?
-14202403
In base 11, what is 94a9 + -96?
9413
In base 4, what is -131213 + 131?
-131022
In base 7, what is -106 - -1131?
1022
In base 2, what is 1110100111101 + -110010?
1110100001011
In base 16, what is d6f3 + -7?
d6ec
In base 16, what is d - fb8?
-fab
In base 14, what is 34aa - 56?
3454
In base 13, what is -10 + -c42?
-c52
In base 16, what is 58a - -1d?
5a7
In base 16, what is -be1 - -1?
-be0
In base 13, what is 19 - 2131?
-2115
In base 5, what is -10434403 - 11?
-10434414
In base 16, what is 1 - 17484?
-17483
In base 2, what is 1001000100010 + 10101?
1001000110111
In base 11, what is 16 + 658?
673
In base 13, what is -58 - -36c5?
366a
In base 15, what is -16116 + 5?
-16111
In base 7, what is -450 - -21?
-426
In base 14, what is 0 - -401c?
401c
In base 10, what is 41411 + -10?
41401
In base 16, what is 3568 + 0?
3568
In base 15, what is 855 + -1?
854
In base 14, what is -1 - -55092?
55091
In base 2, what is -1110001010110100110101 - -10?
-1110001010110100110011
In base 13, what is 2 + 177005?
177007
In base 12, what is -51 - -936?
8a5
In base 10, what is -7942 - 3?
-7945
In base 10, what is 0 + 569904?
569904
In base 5, what is 31244142 + 10?
31244202
In base 6, what is -15005 + -25?
-15034
In base 9, what is 0 + 17002?
17002
In base 11, what is -13 - -53a?
527
In base 14, what is -1d - -47a6?
4787
In base 4, what is -102 - 230?
-332
In base 5, what is -1240 - 2412?
-4202
In base 4, what is -2220 + 2311?
31
In base 4, what is -2100220232 - 3?
-2100220301
In base 16, what is -d4 - -38a?
2b6
In base 7, what is 22 - -32014?
32036
In base 11, what is 2a05 - -499?
33a3
In base 16, what is -5 - 6db0b?
-6db10
In base 3, what is 12001 - 112002?
-100001
In base 13, what is 0 + -750b?
-750b
In base 3, what is -2 + -12020211002?
-12020211011
In base 4, what is 1300 - 223?
1011
In base 12, what is -5 - -a359?
a354
In base 2, what is 11 + -11010001011110000?
-11010001011101101
In base 11, what is -5 + 10076?
10071
In base 5, what is 300 + 141?
441
In base 16, what is -b + 1b71d?
1b712
In base 6, what is -3 - -11003243?
11003240
In base 12, what is -1375 - -1a?
-1357
In base 9, what is 30 + 3235?
3265
In base 3, what is -112022 - 1000?
-120022
In base 16, what is -769 + 40?
-729
In base 9, what is -548 - 2452?
-3111
In base 10, what is 66075 - -2?
66077
In base 8, what is -15 - 10262?
-10277
In base 9, what is 2073 + 75?
2158
In base 6, what is 0 - -344135?
344135
In base 5, what is 2234 - -213?
3002
In base 8, what is 2720 + 51?
2771
In base 2, what is 10 - 100011011000?
-100011010110
In base 9, what is 2 - -3012?
3014
In base 3, what is -10 + -1002202221020?
-1002202221100
In base 9, what is -1 + -13447?
-13448
In base 11, what is 3391 - 18?
3374
In base 13, what is 2 + cb10?
cb12
In base 14, what is -1738 + 3?
-1735
In base 5, what is -10 - 424?
-4